t be k(-8). Suppose u + 4*i + 118 = 3*u, 0 = -5*i - t. What are the prime factors of u?
53
Let x be 8/12*162/4. Suppose 13*s = 10*s + x. List the prime factors of 36*(3 + (-21)/s).
2, 3
Suppose -5*b - 4 = -6*b. Suppose -3*w - 213 = -2*j, b*j - 3*w + 2*w = 401. What are the prime factors of j?
3, 11
Suppose 4*o = 2*o + 48. Let g = 85 - o. What are the prime factors of g?
61
What are the prime factors of (-315)/18*(-1384)/20?
7, 173
Let b be -158*(-5)/(-3 + 13). Suppose -36 = -5*s + b. What are the prime factors of s?
23
Let t be (-51)/7 + 6/21. Let m = 10 + t. List the prime factors of (0 - (-19 - m)) + -3.
19
Suppose -2*f - 3*j = -265, 290 = 2*f - 0*f - 2*j. Let u = f + -54. List the prime factors of u.
2, 43
Let n = -5 - -8. Let b be -8*1*n/(-6). Suppose -32 = -4*m - 3*c, -c = -b*m + 2*c + 32. List the prime factors of m.
2
Let c(u) = -u**2 + 9*u - 9. Let m be c(7). Suppose -67 = m*z + 68. Let a = z - -50. List the prime factors of a.
23
Suppose -l - 24 = 2*l. Let s(w) = -w + 3. Let i be s(l). Suppose -4*b - i = -z, 0*b + 9 = 5*z + 3*b. What are the prime factors of z?
3
Let h(j) = -j**3 + 15*j**2 - 33*j - 16. List the prime factors of h(11).
3, 5, 7
Suppose 0 = 5*w - 4*s + 809, -2*w - 207 = -s + 119. What are the prime factors of (-30)/w + 2020/22?
2, 23
List the prime factors of 27/((-8)/1760*-4).
3, 5, 11
Let p(s) = s**3 + 2*s**2 + 3*s + 3. Let c be p(-2). Let v be (c/6)/((-2)/(-88)). Let y = -4 - v. List the prime factors of y.
2, 3
Let u(l) = -190*l + 165. What are the prime factors of u(-5)?
5, 223
Suppose -2*u - 3*x = 2*u - 1489, -x = 2*u - 743. What are the prime factors of u?
2, 5, 37
List the prime factors of -10*(583/(-3) - (-4)/(-24)).
5, 389
Suppose 0 = 2*t + 5*s + 15, -2*s = t + 3 + 2. Let p(j) = 55*j - 24. List the prime factors of p(t).
251
Suppose 2*c = 2 + 4. Let f be 1/c - (-516)/18. Suppose -47 - 7 = -3*l - 5*u, 2*u = l - f. What are the prime factors of l?
23
Let a = -105 + 110. Suppose 0 = 2*c + y - 677, -a*y = 2*c - 0*y - 689. List the prime factors of c.
337
Let u = -67 - -161. Let z = u + 121. List the prime factors of z.
5, 43
Suppose -8*c = -12*c - 4*r + 3840, -3*c - 2*r + 2885 = 0. List the prime factors of c.
5, 193
Let g(t) = -4*t - 11 + 18 + 24. What are the prime factors of g(-12)?
79
Let l(p) = -p**3 - 14*p**2 - 8*p + 15. Let y be l(-13). Let j = -80 - y. What are the prime factors of (20/j)/((-4)/294)?
7
Suppose -j + 3 = -4. Let n(p) = 2*p - 12. Let a be n(j). Suppose 0 = a*q + 2*c - 8, -27 = -6*q + q + 2*c. List the prime factors of q.
5
Let l(a) = 527*a**2 + 10*a - 23. List the prime factors of l(2).
5, 421
Suppose 4*r + 8 = -0, -120 = -5*x + 5*r. Let d = -9 - -14. Suppose 7 = -d*h + x. What are the prime factors of h?
3
Let g(k) = -8*k + 1. Let b be (-4 + 1)*3/9. Let n be g(b). Let x(z) = z + 12. List the prime factors of x(n).
3, 7
What are the prime factors of ((-5174)/(-12) - -1) + 1/(-6)?
2, 3
What are the prime factors of (-54)/((-7 + -2)/288)?
2, 3
Suppose 3*v + v = 5*l - 638, -v = 3*l - 393. Suppose -2*t - l = -4*g, -4*t - 26 = -g + 3. List the prime factors of g.
3, 11
Let c be 3*-3*(-2)/2. Let b(x) = 6*x**2 + 39*x - 33. Let k(u) = -u**2 - 8*u + 7. Let o(w) = 2*b(w) + 11*k(w). What are the prime factors of o(c)?
2
Let w(q) = 15*q**3 - 10*q**2 - 12*q - 26. List the prime factors of w(6).
2, 13, 107
Let f = 159 - 78. Let n = 113 - f. List the prime factors of n.
2
Let t be (14/6)/((-2)/(-6)). Let f = 6 - t. List the prime factors of 1*(f + 0)*-33.
3, 11
Suppose 32*o + 8428 = 39*o. List the prime factors of o.
2, 7, 43
Suppose -5*n - 37 - 23 = 0. Let r = 118 - n. List the prime factors of r.
2, 5, 13
Let b(u) = -4*u - 5 + 6*u - 5*u**2 - 3 - 4 - u**3. What are the prime factors of b(-8)?
2, 41
Suppose 3*p + v - 2431 = 0, -p + 3*v = -5*p + 3243. What are the prime factors of p?
2, 3, 5
Let p(j) = 279*j**2 - 233*j - 1. What are the prime factors of p(4)?
3, 11, 107
Let p(t) be the second derivative of 5*t**3/2 + 4*t**2 - t. List the prime factors of p(4).
2, 17
Suppose -20 = -20*s + 15*s. Suppose 7 + 45 = s*w. Let q = w - 3. List the prime factors of q.
2, 5
Suppose -9*o = -551 - 1609. What are the prime factors of o?
2, 3, 5
Let i = -1 + 2. Let v(z) = 10 - 2*z - 10 - i. What are the prime factors of v(-3)?
5
Suppose -k + 376 = -274. What are the prime factors of k?
2, 5, 13
Let g = -50 - -62. Suppose -6*j - 12 = -g*j. List the prime factors of j.
2
Let i(s) = -s**2 - s. Let a(x) = 4*x**2 - 6*x + 36. Let w(v) = -a(v) - 5*i(v). What are the prime factors of w(-17)?
2, 3, 11
Let v = -1891 + 2863. List the prime factors of v.
2, 3
Let n(o) = -o**3 + 13*o**2 - 11*o - 8. Let z = -46 + 36. Let m be (-6)/4*z - 3. What are the prime factors of n(m)?
2
Let l = 20 + -19. Let n(z) = z + 2. Let d be n(l). Suppose t - 2*g + 0*g - 22 = 0, 2*g + 78 = d*t. List the prime factors of t.
2, 7
Let j = 48 + -40. Let q(h) = -h**3 + 9*h**2 + 13*h + 14. List the prime factors of q(j).
2, 7, 13
Suppose 13*h - 17913 = 10336. List the prime factors of h.
41, 53
Suppose -3715 = -5*h - 5*z, 3*z + 2200 = 4*h - 737. What are the prime factors of h?
2, 3, 41
Let t(m) be the third derivative of -m**6/120 - m**5/3 - 7*m**4/24 - 23*m**3/6 + 2*m**2. List the prime factors of t(-20).
3, 13
Let c = 18 - 11. Let p be (0 - -2) + (c - 4). Suppose -3*s + 152 = p*h, -4*h - h + 2*s = -132. List the prime factors of h.
2, 7
Let a(h) = h**2 + 3*h + 12. What are the prime factors of a(16)?
2, 79
Let o(l) = -35*l + 12. Let r(f) = 6*f - 2. Let b(v) = 6*o(v) + 34*r(v). Let h be b(4). What are the prime factors of 4/h - (-16)/5?
3
Let z(u) = -u**3 - 6*u**2 - 6*u - 2. Let t be z(-5). Suppose -p + 8 = 3*n - 0*n, t*n + 3*p = 12. What are the prime factors of (-8)/(n*(-1)/4)?
2
Suppose -4*s + 14 = 2*o, 0 = -5*s + s + 2*o + 18. Let f = 9 - s. Suppose -h - 124 = -4*j + 49, 4*j = -f*h + 167. List the prime factors of j.
43
Suppose 2*d + 0*d = 22. Let g = d + 1. Suppose g*z - 17*z + 15 = 0. List the prime factors of z.
3
Suppose 62*f + 966 = 68*f. List the prime factors of f.
7, 23
Suppose -4*c - 4*k - 478 + 4266 = 0, 4*c - k - 3803 = 0. List the prime factors of c.
2, 5, 19
What are the prime factors of (2 - 6/2)/((-20)/25040)?
2, 313
List the prime factors of (-5217)/(-74)*4/6*13.
13, 47
Let g(i) = 0 - i + 0 - 2 + 0. Let w = 35 - 39. List the prime factors of g(w).
2
Let h = 16 + -16. Let j be 3/(-6)*(h - 4). Suppose 78 = 2*k + j*s, -3*k - 2*s + 6*s = -96. List the prime factors of k.
2, 3
Suppose 5*r = -18 - 57. Let t be 11/5 + -2 + 462/15. Let j = r + t. What are the prime factors of j?
2
Suppose 3*s - 32 = -35, 4*m - 640 = 4*s. What are the prime factors of m?
3, 53
Let n(f) = f**3 - 3*f**2 + 3*f - 7. Let y be n(3). Suppose -6*m + 5*m + 283 = -4*u, 3*m - 859 = y*u. What are the prime factors of m?
7, 41
Let m(s) be the first derivative of -4*s**4 + 2*s**3/3 - s + 6. Let r be m(1). What are the prime factors of (-324)/(-10) - r/25?
3, 11
Suppose 6*f - 5 = 5341. What are the prime factors of f?
3, 11
Suppose -6*h + 131 = -139. Let w = h - -4. List the prime factors of w.
7
Suppose 3*x = -3*g + 14 - 44, 3*g + 2*x = -31. Let t = -8 - g. Let q = 5 - t. What are the prime factors of q?
2
Let j(v) = -v**2 + 2*v + 8. Let y(n) = n + 4. Let s(u) = -2*j(u) + 5*y(u). Let r be ((-8)/(-12))/(6/(-27)). What are the prime factors of s(r)?
19
Suppose -2*m - 2*m = -296. Suppose 3*c + 6*a - m = a, c - 24 = -a. Suppose 0 = k - 0*k - c. What are the prime factors of k?
23
Suppose 2*z - 3*v = 241, -4*v = -z - 3*z + 480. Let p(k) = 4*k + 18. Let t be p(-22). Let u = t + z. What are the prime factors of u?
7
Let d(w) = w**3 - 7*w**2 + 6*w + 4. Let h be d(6). List the prime factors of 6/h*(-652)/(-6).
163
Let o be ((-6)/4)/((-12)/16). Let v(l) = 1 + 6 - 7*l - l**2 + 2 - o. What are the prime factors of v(-5)?
17
Let c(f) = f**3 - f**2 + f - 2. Let r be c(1). Suppose 2*k - 4*z = 16, -z + 0*z + 31 = 2*k. Let u = k + r. What are the prime factors of u?
13
Let j = 1600 + -191. List the prime factors of j.
1409
Suppose 2*l - 278 = 2*g, 6*l = l + g + 683. What are the prime factors of l?
2, 17
Let y be 4/14 - 408/(-42) - 3. List the prime factors of ((-18)/y)/((-3555)/(-1190) + -3).
2, 3, 17
Suppose -j - 4*j - 360 = -5*h, 0 = 3*h + 3*j - 222. Suppose -364 = 4*p - 2*o, p + o + h = -1